{"id":255,"date":"2019-12-18T05:57:45","date_gmt":"2019-12-18T05:57:45","guid":{"rendered":"http:\/\/demo.themefreesia.com\/eventsia\/?page_id=255"},"modified":"2023-06-23T17:25:47","modified_gmt":"2023-06-23T15:25:47","slug":"programme","status":"publish","type":"page","link":"https:\/\/journee.dnac.org\/2023\/programme\/","title":{"rendered":"Programme"},"content":{"rendered":"<div id=\"program\" class=\"frame\">\n<table width=\"100%\">\n<tbody>\n<tr>\n<td class=\"programTitleTD\" colspan=\"2\" width=\"100%\">\n<h3 class=\"programTitleH3\"><strong>Mardi 27 Juin 2023<\/strong><\/h3>\n<\/td>\n<\/tr>\n<tr>\n<td width=\"20%\">09:00 &#8211; 09:30<\/td>\n<td width=\"80%\"><span style=\"color: #3366ff;\"><strong>Accueil<\/strong><\/span><\/td>\n<\/tr>\n<tr>\n<td width=\"20%\">09:30 &#8211; 10:30<\/td>\n<td width=\"80%\"><span style=\"color: #3366ff;\"><strong>Session #1:<\/strong><\/span><\/p>\n<ul>\n<li><strong>Pourquoi faut-il r\u00e9fl\u00e9chir en tant qu\u2019infrastructure num\u00e9rique et non plus en termes de r\u00e9seaux ou de t\u00e9l\u00e9communications\u00a0?<\/strong><\/li>\n<li><strong>Quelles est la probabilit\u00e9 que les op\u00e9rateurs de t\u00e9l\u00e9communications disparaissent dans une dizaine d\u2019ann\u00e9e\u00a0?<\/strong><\/li>\n<li><strong>Quelle est la vue des GAFAM sur le futur des r\u00e9seaux\u00a0?<\/strong><\/li>\n<\/ul>\n<\/td>\n<\/tr>\n<tr>\n<td width=\"20%\">10:30 \u2013 11:00<\/td>\n<td width=\"80%\"><strong>Pause Caf\u00e9<\/strong><\/td>\n<\/tr>\n<tr>\n<td width=\"20%\">11:00 \u2013 12:30<\/td>\n<td width=\"80%\"><span style=\"color: #3366ff;\"><strong>Session #2:<\/strong><\/span><\/p>\n<ul>\n<li><strong>Quelles nouvelles techniques de l\u2019Intelligence Artificielle va bouleverser la conception des r\u00e9seaux\u00a0?<\/strong><\/li>\n<li><strong>Pourquoi les r\u00e9seaux vont-ils n\u2019\u00eatre qu\u2019une des facettes d\u2019un environnement beaucoup plus g\u00e9n\u00e9ral int\u00e9grant les services, la s\u00e9curit\u00e9 et l\u2019intelligence.<\/strong><\/li>\n<li><strong>Les futurs r\u00e9seaux du Cloud et de l\u2019Edge Networking sont-ils vou\u00e9s \u00e0 utiliser les technologies de fonctions serverless\u00a0?<\/strong><\/li>\n<\/ul>\n<\/td>\n<\/tr>\n<tr>\n<td width=\"20%\">12:30 \u2013 13:30<\/td>\n<td width=\"80%\"><strong>Pause D\u00e9jeuner<\/strong><\/td>\n<\/tr>\n<tr>\n<td width=\"20%\">13:30 \u2013 15:30<\/td>\n<td width=\"80%\"><span style=\"color: #3366ff;\"><strong>Session #3:<\/strong><\/span><\/p>\n<ul>\n<li><strong>Le Cloud continuum et le Continuum d\u2019Architectures font-ils partie des solutions pour r\u00e9aliser le monde connect\u00e9.<\/strong><\/li>\n<li><strong>O\u00f9 en est le 5G et y a-t-il un espoir que ce soit une des grandes g\u00e9n\u00e9rations\u00a0?<\/strong><\/li>\n<li><strong>Quelles sont les propositions des 2\u00a0400 chercheurs temps plein qui travaillent sur la 6G\u00a0?<\/strong><\/li>\n<li><strong>Comment le Wi-Fi va-t-il se r\u00e9volutionner et s\u2019int\u00e9grer dans la 6G\u00a0?<\/strong><\/li>\n<li><strong>L\u2019intelligence artificielle g\u00e9n\u00e9rative va-t-elle avoir un impact sur les r\u00e9seaux\u00a0?<\/strong><\/li>\n<li><strong>Quelle va \u00eatre la place des r\u00e9seaux quantiques\u00a0?<\/strong><\/li>\n<\/ul>\n<\/td>\n<\/tr>\n<tr>\n<td width=\"20%\">15:30 \u2013 16:00<\/td>\n<td width=\"80%\"><strong>Pause Caf\u00e9<\/strong><\/td>\n<\/tr>\n<tr>\n<td width=\"20%\">16:00 \u2013 17:00<\/td>\n<td width=\"80%\"><span style=\"color: #3366ff;\"><strong>Session #4:<\/strong><\/span><\/p>\n<ul>\n<li><strong>Que vont changer les 80\u00a0000 satellites pr\u00e9vus pour 2028\u00a0?<\/strong><\/li>\n<li><strong>O\u00f9 en sont les recherches sur un cyber vaccin\u00a0?<\/strong><\/li>\n<li><strong>Les jumeaux num\u00e9riques sont-ils une des solutions gagnantes pour contr\u00f4ler et automatiser les infrastructures num\u00e9riques\u00a0?<\/strong><\/li>\n<li><strong>Quelles seront les deux grandes technologies pour raccorder des objets dans cinq ans\u00a0?<\/strong><\/li>\n<li><strong>Les r\u00e9seaux v\u00e9hiculaires automatis\u00e9s ont-ils une chance d\u2019arriver dans les ann\u00e9es qui viennent\u00a0?<\/strong><\/li>\n<\/ul>\n<\/td>\n<\/tr>\n<tr>\n<td width=\"20%\">17:00 \u2013 18:00<\/td>\n<td width=\"80%\"><strong>Cocktail de Cl\u00f4ture \/ Discussion<\/strong><\/td>\n<\/tr>\n<\/tbody>\n<\/table>\n<\/div>\n","protected":false},"excerpt":{"rendered":"<p>Mardi 27 Juin 2023 09:00 &#8211; 09:30 Accueil 09:30 &#8211; 10:30 Session #1: Pourquoi faut-il r\u00e9fl\u00e9chir en tant qu\u2019infrastructure num\u00e9rique et non plus en termes<a href=\"https:\/\/journee.dnac.org\/2023\/programme\/\" class=\"more-link\">View More<\/a><\/p>\n","protected":false},"author":1,"featured_media":0,"parent":0,"menu_order":0,"comment_status":"closed","ping_status":"closed","template":"","meta":{"footnotes":""},"class_list":["post-255","page","type-page","status-publish","hentry"],"_links":{"self":[{"href":"https:\/\/journee.dnac.org\/2023\/wp-json\/wp\/v2\/pages\/255","targetHints":{"allow":["GET"]}}],"collection":[{"href":"https:\/\/journee.dnac.org\/2023\/wp-json\/wp\/v2\/pages"}],"about":[{"href":"https:\/\/journee.dnac.org\/2023\/wp-json\/wp\/v2\/types\/page"}],"author":[{"embeddable":true,"href":"https:\/\/journee.dnac.org\/2023\/wp-json\/wp\/v2\/users\/1"}],"replies":[{"embeddable":true,"href":"https:\/\/journee.dnac.org\/2023\/wp-json\/wp\/v2\/comments?post=255"}],"version-history":[{"count":15,"href":"https:\/\/journee.dnac.org\/2023\/wp-json\/wp\/v2\/pages\/255\/revisions"}],"predecessor-version":[{"id":473,"href":"https:\/\/journee.dnac.org\/2023\/wp-json\/wp\/v2\/pages\/255\/revisions\/473"}],"wp:attachment":[{"href":"https:\/\/journee.dnac.org\/2023\/wp-json\/wp\/v2\/media?parent=255"}],"curies":[{"name":"wp","href":"https:\/\/api.w.org\/{rel}","templated":true}]}}